r(2)?
3
Suppose 3*u + 48823 = a, -244187 = -5*a + 10*u - 13*u. What is the ten thousands digit of a?
4
Let i be 8/44 + 7032/44. Let k = 899 - i. What is the tens digit of k?
3
Let w(d) be the third derivative of d**5/15 - 7*d**4/12 - d**3/6 - 21*d**2. Let a be w(4). Suppose 608 = a*z - 281. What is the units digit of z?
7
Suppose -6 = -4*l + 42. Suppose 4*h = -2*c - 0*h + 20, 2*c - l = -2*h. Suppose 3*s - 148 = -2*f, 0 = -2*s - c*s - 5*f + 188. What is the units digit of s?
2
What is the tens digit of 60*(-6)/288 + 145661/4?
1
Suppose -s - 39830 = -5*n, 4*s = n - 0*s - 7966. Suppose 0 = -60*y + 67*y - n. What is the hundreds digit of y?
1
Let d = 56107 - 27809. What is the hundreds digit of d?
2
Let g(p) = -p**3 + 9*p**2 - 8. Let r be g(9). Let i(x) = -107*x**2 + 55*x**2 - 1 - 10*x + 51*x**2 + 11. What is the tens digit of i(r)?
2
What is the thousands digit of 259/185 + 347344/40?
8
Let d = 14088 + -10538. What is the units digit of d?
0
Let b(o) = -2*o**3 + 31*o**2 - 12*o + 12. Let r be b(12). Suppose -2*v + 4492 = 2*v. Suppose n + r = 4*g - 3*n, 5*g - v = -2*n. What is the hundreds digit of g?
2
Let o = -334 - -13433. What is the thousands digit of o?
3
Let c(h) = -4*h - 12. Let q be c(13). Let v = q + 67. Suppose s - 6 = -v. What is the units digit of s?
3
Let h(a) = 31*a**2 - 53*a - 147. What is the tens digit of h(-12)?
5
Let c(m) be the second derivative of 1/20*m**5 + 0 - 13*m + 21/2*m**2 - 5/3*m**3 - 13/12*m**4. What is the units digit of c(14)?
7
Let i be (-1568)/3 - (-2)/3. Let r(n) = 9*n**2 + 534*n - 41. Let w be r(-58). Let s = i - w. What is the hundreds digit of s?
2
Let k = -242 - -247. What is the units digit of 493 + -3*1/5*k?
0
Let x be 76*2/(-12)*-3. Suppose -x*j + 2024 + 11580 = 0. What is the units digit of j?
8
Let d = 1337 + 351. Let v = d - 1112. What is the hundreds digit of v?
5
Suppose -8593 = -4*d - 5*c, 3*c + 8605 = 4*d + 4*c. Suppose -d = -74*f + 66*f. What is the tens digit of f?
6
Let q = 5 + 12. Suppose -2 = 5*g + a - q, 4*g + 2*a = 12. Suppose 261 = 5*d - 4*s, -d - g*d + 217 = 5*s. What is the tens digit of d?
5
Let f be (2 - 1)*(-108)/30*-5. Let l = 32 - f. Suppose -161 = -3*z - l. What is the units digit of z?
9
Let b be ((-3)/(-9))/(6/18). What is the tens digit of 13 - 6 - 10 - (b - 489)?
8
Suppose -99036 = -9*m - 27*m. Let q = m + -1913. What is the units digit of q?
8
Let v(x) = -x**3 + 27*x**2 - 41*x + 540. Let l be v(26). Suppose -5*s + 0*s = -1355. Let g = s - l. What is the units digit of g?
1
What is the thousands digit of (1902/9)/((-2616)/(-261) - 10)?
9
Suppose 0 = 3*b - x - 2038, 4*b = 8*b - 2*x - 2720. Suppose -5*h - 5*l + 1675 = 0, -3*h + h - 4*l + b = 0. What is the tens digit of h?
3
Suppose 6 = -5*y - 3*t + 1, 31 = -4*y + 3*t. Let q(h) = -h**3 - 18*h**2 - 21*h - 64. Let i be q(-17). What is the units digit of (-8 - i)*1/y?
3
Let d(y) = 3 - 9*y**2 + 51*y + 15*y**2 + 0*y**3 - 71 + 37*y**2 + y**3. What is the hundreds digit of d(-41)?
2
Let j(f) be the third derivative of -11*f**5/120 + f**4/6 + f**3 - 29*f**2. Let s(a) be the first derivative of j(a). What is the tens digit of s(-10)?
1
Let a = -61 - -61. Let f = a + 482. What is the hundreds digit of f?
4
Suppose 2*a - 56 = -5*m, 3*a - 5*m = 7*a - 122. Suppose -8*r + 19639 = a*r. What is the tens digit of r?
7
Suppose -63 = -z - 58. Suppose -247 = -2*c + 5*g, 3*c = -c + z*g + 489. Suppose u + c = 5*u - 3*f, u - 5*f = 9. What is the units digit of u?
4
Let k(h) = -2*h**2 - 16*h + 143. Let u be k(6). Let g(r) = 3*r**2 + 49*r + 11. What is the tens digit of g(u)?
6
Suppose -18*x - 325 - 161 = 0. What is the units digit of 3 + 87/x + 48815/117?
7
Let a(m) = -16*m - 8. Suppose -8*w + 10 + 6 = 0. Let x be a(w). Let d = x + 93. What is the tens digit of d?
5
Suppose 2*a + 4*p = -22, 2*a + 4*p + 31 = -3*a. Let w = 28 + a. Let i = 4 + w. What is the tens digit of i?
2
Suppose -60*u + 62*u + 110664 = 2*l, -l - u = -55326. What is the thousands digit of l?
5
Let j(a) = -a**2 - a. Suppose h - 4 = -3*z, 0 = -z - 4*z + 5. Let t(r) = 32*r + 18. Let g(k) = h*j(k) + t(k). What is the hundreds digit of g(24)?
1
Suppose -4*l + 2*x + 26 = 0, -l + 19*x = 24*x + 21. Suppose 8*t - 7*t + 1897 = l*k, -4*k + 5*t + 1901 = 0. What is the hundreds digit of k?
4
Suppose -6*a - 3*a = -3*a. Suppose a = 6*v - 5*v - 341. What is the tens digit of v?
4
Let x(u) = -u**2 + 6*u + 2. Let h be x(6). Suppose -3*r + 0*r + 8 = h*w, w - 7 = -3*r. Suppose c - 2 - r = 0. What is the units digit of c?
4
Suppose 3 = -5*l + 3*p - 9, -l + 5*p - 20 = 0. Let u be (l + 0 - 1)*(-13 - -4). Suppose 0 = 6*f - u*f + 195. What is the units digit of f?
5
Let c(m) = -15*m + 6. Let g be c(-6). Suppose -7*s = -3*s - g. Let b = -7 + s. What is the tens digit of b?
1
What is the hundreds digit of (210/(-4))/(474/(-86268))?
5
Suppose 4*d = -14*r + 9*r + 18, -2*d + 2*r = 0. Let w(l) = 127*l**3 + l**2 - l - 2. What is the tens digit of w(d)?
1
Let m(i) = i + 5. Let y(p) = 3*p + 10. Let n(w) = 5*m(w) - 2*y(w). Let h be n(5). What is the units digit of (5 + -6 - h)*-43?
3
Suppose 258*m + 5*m - 9814108 = 0. What is the tens digit of m?
1
Let q(l) = 4 + 3*l**2 - 7*l - 7*l**3 - 13 + 13*l**3 - 5*l**3. Let t be q(-4). What is the units digit of 2/(t/(366 - 3))?
2
Let w be (-33)/11*(-2 + 0 + 1). Suppose 186 = -w*r + 3*b, 2*b + 163 = -4*r - 103. Let x = r - -135. What is the units digit of x?
0
Suppose -8*s = 3*s. Suppose 2*c + 108 = 4*h - s*c, -5*c = 3*h - 94. Suppose -5*b + 78 - h = 0. What is the tens digit of b?
1
Let a(z) = -5789*z + 1407. What is the thousands digit of a(-7)?
1
What is the units digit of 9458 + 0 + 20/(-45) + 120/27?
2
Let z(h) = -h**3 - 4*h**2 - 7*h - 10. Let l be z(-3). Suppose -v = 4*o - 2512, -4*o - l*v - 141 + 2649 = 0. What is the tens digit of o?
2
What is the tens digit of (-120 - -114)*378/(-4)?
6
Suppose 3*f - 12 = -3*c + 5*c, 2*f + 3*c = -5. Suppose -2*o - 2*n = -1736, -2*o + 2*n + f*n + 1730 = 0. What is the units digit of o?
7
What is the tens digit of ((-99990)/(-660))/((-3)/(-620))?
1
Suppose z = -3*w - 2*z - 477, w + 2*z = -157. Let g(o) = -89*o + 4. Let q be g(-3). Let x = q + w. What is the units digit of x?
0
Let u be (1 + 3 + -4)/2. Suppose 2*i - g = 5, 5*i - g = -u*i + 17. Suppose i*t = 58 + 58. What is the units digit of t?
9
Let b = 0 + 5. Let d = -168 - -496. Suppose -b*c + c = -d. What is the units digit of c?
2
Let n = -3674 - -4541. What is the tens digit of n?
6
Let n(k) = k**2 + 47*k + 238. Let v = 185 + -232. What is the units digit of n(v)?
8
Suppose -2*x + 0 = -22. Let o(v) = 8*v**2 - 14*v + 204. What is the thousands digit of o(x)?
1
Suppose 0 = u + 1 - 0, -3*l = -2*u + 112. Let d = 41 + l. What is the tens digit of (3/d)/((-5)/(-140))?
2
Suppose -6111*s = -6110*s + g - 26434, -s = -3*g - 26426. What is the ten thousands digit of s?
2
Suppose 7*s - 158 = 5*s + w, -237 = -3*s - w. Suppose -353 - s = -i. What is the hundreds digit of i?
4
Let m = -4127 + 8834. What is the thousands digit of m?
4
Let n(m) = 4*m**2 + 17*m + 12. Let w(p) = 9*p**2 + 35*p + 25. Let u(k) = -7*n(k) + 3*w(k). Let q be u(-9). Let d = 36 + q. What is the tens digit of d?
7
Let y(d) = 12*d**2 - 12*d - 193. What is the units digit of y(-21)?
1
Let y(b) = 3*b**2 + 332*b + 1059. What is the tens digit of y(87)?
5
Suppose -5*x + 24738 + 2568 = -4*p, 12 = -3*p. What is the units digit of x?
8
Let h(o) be the third derivative of -7*o**6/60 + o**5/20 + o**4/24 - o**3/6 + 4*o**2. Let v be h(-2). Let p = v - 52. What is the tens digit of p?
6
What is the thousands digit of (-3 - -3455)*(27/4 + -3)?
2
Let h(g) = 7*g + 62. Suppose 6*d + 48 = 4*d + 2*u, -u = 4*d + 76. Let s be h(d). Let o = -70 - s. What is the units digit of o?
8
Suppose -306941 = 41*o - 992174. What is the ten thousands digit of o?
1
Suppose 24 = 542*t - 536*t. Suppose c = 5*q - 7320, -5856 = -t*q + 5*c - 2*c. What is the hundreds digit of q?
4
Let r(y) = 3*y**2 + 14*y + 108. Let h(t) = t**3 - 5*t**2 - 13*t + 46. Let x be h(3). What is the tens digit of r(x)?
1
Let c(h) = -h**3 + 85*h**2 + 26*h - 691. What is the tens digit of c(84)?
4
Let n(z) = 3*z**2 + 6*z + 3. Let x be n(-2). Let h(r) = -r**2 + 4*r**2 + 10 - x*r**2 + 3*r**2 + 2*r. What is the units digit of h(-5)?
5
Let o be (3 - 2)/((-10)/(-40)). Suppose o*g = 0, -z + 3*g =